{"id":6018,"date":"2022-02-07T16:47:12","date_gmt":"2022-02-07T14:47:12","guid":{"rendered":"https:\/\/www.gs-tegernheim.de\/de\/?page_id=6018"},"modified":"2025-06-30T12:58:24","modified_gmt":"2025-06-30T10:58:24","slug":"infotermine-anderer-einrichtungen","status":"publish","type":"page","link":"https:\/\/www.gs-tegernheim.de\/de\/?page_id=6018","title":{"rendered":"Infotermine anderer Einrichtungen"},"content":{"rendered":"\n<h3 class=\"wp-block-heading\" id=\"ubersicht-infoveranstaltungen-realschulen-im-schuljahr-2021-2022\">\u00dcbersicht Infoveranstaltungen Realschulen im Schuljahr<\/h3>\n\n\n\n<div style=\"height:50px\" aria-hidden=\"true\" class=\"wp-block-spacer\"><\/div>\n\n\n\n<h3 class=\"wp-block-heading\" id=\"ubersicht-infoveranstaltungen-gymnasien-im-schuljahr-2021-2022\">\u00dcbersicht Infoveranstaltungen Gymnasien im Schuljahr<\/h3>\n\n\n\n<div style=\"height:50px\" aria-hidden=\"true\" class=\"wp-block-spacer\"><\/div>\n\n\n\n<h3 class=\"wp-block-heading\" id=\"stadt-regensburg-ferienbetreuung-fur-grundschulkinder\">Stadt Regensburg \u2013 Ferienbetreuung f\u00fcr Grundschulkinder<\/h3>\n\n\n\n<p>Die Stadt Regensburg m\u00f6chte mit diesem Angebot einen aktiven Beitrag zur F\u00f6rderung der Vereinbarkeit von Familie und Beruf leisten. Aus diesem Grund findet durch verschiedene Kooperationspartner eine st\u00e4dtische Ferienbetreuung in unterschiedlichen Ferienwochen f\u00fcr Grundsch\u00fclerInnen statt.<\/p>\n\n\n\n<div class=\"wp-block-buttons is-layout-flex wp-block-buttons-is-layout-flex\">\n<div class=\"wp-block-button\"><a class=\"wp-block-button__link wp-element-button\" href=\"https:\/\/www.regensburg.de\/leben\/bildung-u-wissenschaft\/schulen\/betreuungsangebote\/ferienbetreuung\" target=\"_blank\" rel=\"noreferrer noopener\">Link zur Seite der Stadt Regensburg<\/a><\/div>\n<\/div>\n\n\n\n<div style=\"height:50px\" aria-hidden=\"true\" class=\"wp-block-spacer\"><\/div>\n\n\n\n<h3 class=\"wp-block-heading\">Ferienaktion an der Grundschule Tegernheim<\/h3>\n\n\n\n<h4 class=\"wp-block-heading\"><\/h4>\n\n\n\n<div class=\"wp-block-buttons is-layout-flex wp-block-buttons-is-layout-flex\">\n<div class=\"wp-block-button\"><a class=\"wp-block-button__link wp-element-button\" href=\"https:\/\/www.gs-tegernheim.de\/de\/wp-content\/uploads\/2025\/06\/Digitalflyer_GS-Tegernheim-2025.pdf\" target=\"_blank\" rel=\"noreferrer noopener\">gfi Digitalflyer<\/a><\/div>\n<\/div>\n","protected":false},"excerpt":{"rendered":"<p>\u00dcbersicht Infoveranstaltungen Realschulen im Schuljahr \u00dcbersicht Infoveranstaltungen Gymnasien im Schuljahr Stadt Regensburg \u2013 Ferienbetreuung f\u00fcr Grundschulkinder Die Stadt Regensburg m\u00f6chte mit diesem Angebot einen aktiven Beitrag zur F\u00f6rderung der Vereinbarkeit von Familie und Beruf leisten. Aus diesem Grund findet durch verschiedene Kooperationspartner eine st\u00e4dtische Ferienbetreuung in unterschiedlichen Ferienwochen f\u00fcr Grundsch\u00fclerInnen statt. Ferienaktion an der Grundschule [&hellip;]<\/p>\n","protected":false},"author":7,"featured_media":0,"parent":0,"menu_order":0,"comment_status":"closed","ping_status":"closed","template":"","meta":{"_et_pb_use_builder":"off","_et_pb_old_content":"","_et_gb_content_width":"","_custom_body_class":"","_custom_post_class":"","footnotes":""},"class_list":["post-6018","page","type-page","status-publish","hentry"],"_links":{"self":[{"href":"https:\/\/www.gs-tegernheim.de\/de\/index.php?rest_route=\/wp\/v2\/pages\/6018","targetHints":{"allow":["GET"]}}],"collection":[{"href":"https:\/\/www.gs-tegernheim.de\/de\/index.php?rest_route=\/wp\/v2\/pages"}],"about":[{"href":"https:\/\/www.gs-tegernheim.de\/de\/index.php?rest_route=\/wp\/v2\/types\/page"}],"author":[{"embeddable":true,"href":"https:\/\/www.gs-tegernheim.de\/de\/index.php?rest_route=\/wp\/v2\/users\/7"}],"replies":[{"embeddable":true,"href":"https:\/\/www.gs-tegernheim.de\/de\/index.php?rest_route=%2Fwp%2Fv2%2Fcomments&post=6018"}],"version-history":[{"count":22,"href":"https:\/\/www.gs-tegernheim.de\/de\/index.php?rest_route=\/wp\/v2\/pages\/6018\/revisions"}],"predecessor-version":[{"id":10267,"href":"https:\/\/www.gs-tegernheim.de\/de\/index.php?rest_route=\/wp\/v2\/pages\/6018\/revisions\/10267"}],"wp:attachment":[{"href":"https:\/\/www.gs-tegernheim.de\/de\/index.php?rest_route=%2Fwp%2Fv2%2Fmedia&parent=6018"}],"curies":[{"name":"wp","href":"https:\/\/api.w.org\/{rel}","templated":true}]}}

<h3 class="wp-block-heading" id="ubersicht-infoveranstaltungen-realschulen-im-schuljahr-2021-2022">Übersicht Infoveranstaltungen Realschulen im Schuljahr</h3>



<div style="height:50px" aria-hidden="true" class="wp-block-spacer"></div>



<h3 class="wp-block-heading" id="ubersicht-infoveranstaltungen-gymnasien-im-schuljahr-2021-2022">Übersicht Infoveranstaltungen Gymnasien im Schuljahr</h3>



<div style="height:50px" aria-hidden="true" class="wp-block-spacer"></div>



<h3 class="wp-block-heading" id="stadt-regensburg-ferienbetreuung-fur-grundschulkinder">Stadt Regensburg – Ferienbetreuung für Grundschulkinder</h3>



<p>Die Stadt Regensburg möchte mit diesem Angebot einen aktiven Beitrag zur Förderung der Vereinbarkeit von Familie und Beruf leisten. Aus diesem Grund findet durch verschiedene Kooperationspartner eine städtische Ferienbetreuung in unterschiedlichen Ferienwochen für GrundschülerInnen statt.</p>



<div class="wp-block-buttons is-layout-flex wp-block-buttons-is-layout-flex">
<div class="wp-block-button"><a class="wp-block-button__link wp-element-button" href="https://www.regensburg.de/leben/bildung-u-wissenschaft/schulen/betreuungsangebote/ferienbetreuung" target="_blank" rel="noreferrer noopener">Link zur Seite der Stadt Regensburg</a></div>
</div>



<div style="height:50px" aria-hidden="true" class="wp-block-spacer"></div>



<h3 class="wp-block-heading">Ferienaktion an der Grundschule Tegernheim</h3>



<h4 class="wp-block-heading"></h4>



<div class="wp-block-buttons is-layout-flex wp-block-buttons-is-layout-flex">
<div class="wp-block-button"><a class="wp-block-button__link wp-element-button" href="https://www.gs-tegernheim.de/de/wp-content/uploads/2025/06/Digitalflyer_GS-Tegernheim-2025.pdf" target="_blank" rel="noreferrer noopener">gfi Digitalflyer</a></div>
</div>

<p>Übersicht Infoveranstaltungen Realschulen im Schuljahr Übersicht Infoveranstaltungen Gymnasien im Schuljahr Stadt Regensburg – Ferienbetreuung für Grundschulkinder Die Stadt Regensburg möchte mit diesem Angebot einen aktiven Beitrag zur Förderung der Vereinbarkeit von Familie und Beruf leisten. Aus diesem Grund findet durch verschiedene Kooperationspartner eine städtische Ferienbetreuung in unterschiedlichen Ferienwochen für GrundschülerInnen statt. Ferienaktion an der Grundschule [&hellip;]</p>
